 by 58.
55
Calculate the remainder when 93440 is divided by 48.
32
What is the remainder when 1371 is divided by 91?
6
Calculate the remainder when 10628 is divided by 10570.
58
Calculate the remainder when 877807 is divided by 25.
7
Calculate the remainder when 38950 is divided by 297.
43
What is the remainder when 4771 is divided by 2503?
2268
Calculate the remainder when 19703 is divided by 657.
650
Calculate the remainder when 241400 is divided by 42.
26
What is the remainder when 43581 is divided by 192?
189
What is the remainder when 4391 is divided by 39?
23
Calculate the remainder when 112935 is divided by 108.
75
What is the remainder when 595 is divided by 147?
7
Calculate the remainder when 10344289 is divided by 1826.
1825
Calculate the remainder when 142900 is divided by 461.
451
Calculate the remainder when 1599736 is divided by 199967.
0
Calculate the remainder when 739147 is divided by 108.
103
Calculate the remainder when 1226220 is divided by 91.
86
What is the remainder when 323036 is divided by 9?
8
Calculate the remainder when 347691 is divided by 146.
65
Calculate the remainder when 1874 is divided by 163.
81
What is the remainder when 6738 is divided by 18?
6
Calculate the remainder when 63166 is divided by 106.
96
Calculate the remainder when 899 is divided by 299.
2
What is the remainder when 85416 is divided by 647?
12
What is the remainder when 3781 is divided by 410?
91
Calculate the remainder when 1600 is divided by 380.
80
Calculate the remainder when 765067 is divided by 19.
13
What is the remainder when 45809 is divided by 288?
17
What is the remainder when 5178 is divided by 5175?
3
Calculate the remainder when 30305 is divided by 24.
17
What is the remainder when 2416 is divided by 317?
197
What is the remainder when 1188807 is divided by 119?
116
What is the remainder when 773 is divided by 717?
56
Calculate the remainder when 14706 is divided by 95.
76
Calculate the remainder when 4506 is divided by 612.
222
What is the remainder when 7332 is divided by 3?
0
What is the remainder when 858 is divided by 139?
24
What is the remainder when 851185 is divided by 13?
10
Calculate the remainder when 25750 is divided by 158.
154
Calculate the remainder when 2337 is divided by 610.
507
What is the remainder when 158930 is divided by 230?
0
Calculate the remainder when 2440 is divided by 232.
120
Calculate the remainder when 231826 is divided by 13.
10
What is the remainder when 19730 is divided by 2956?
1994
Calculate the remainder when 7983 is divided by 195.
183
Calculate the remainder when 13448 is divided by 3346.
64
What is the remainder when 46283 is divided by 26?
3
What is the remainder when 17552 is divided by 703?
680
Calculate the remainder when 95899 is divided by 685.
684
What is the remainder when 771 is divided by 63?
15
What is the remainder when 7254 is divided by 2396?
66
What is the remainder when 12005 is divided by 44?
37
Calculate the remainder when 19293 is divided by 6316.
345
Calculate the remainder when 8836 is divided by 549.
52
Calculate the remainder when 6240 is divided by 416.
0
Calculate the remainder when 45629 is divided by 125.
4
Calculate the remainder when 755 is divided by 521.
234
What is the remainder when 10885 is divided by 572?
17
Calculate the remainder when 254457 is divided by 60.
57
What is the remainder when 3105 is divided by 294?
165
What is the remainder when 240657 is divided by 70?
67
Calculate the remainder when 69144 is divided by 623.
614
What is the remainder when 43964 is divided by 3?
2
Calculate the remainder when 5545 is divided by 5532.
13
What is the remainder when 368587 is divided by 7?
2
What is the remainder when 771228 is divided by 313?
309
What is the remainder when 13497 is divided by 2695?
22
Calculate the remainder when 33890 is divided by 446.
440
Calculate the remainder when 123108 is divided by 90.
78
Calculate the remainder when 516253 is divided by 311.
304
What is the remainder when 5197 is divided by 211?
133
Calculate the remainder when 42478 is divided by 70.
58
What is the remainder when 10425 is divided by 111?
102
What is the remainder when 491249 is divided by 1276?
1265
What is the remainder when 26930 is divided by 1770?
380
What is the remainder when 38393 is divided by 225?
143
Calculate the remainder when 5648 is divided by 46.
36
What is the remainder when 2546 is divided by 32?
18
Calculate the remainder when 1215 is divided by 117.
45
Calculate the remainder when 1191192 is divided by 773.
772
Calculate the remainder when 369264 is divided by 30770.
24
Calculate the remainder when 400 is divided by 21.
1
What is the remainder when 158456 is divided by 20?
16
What is the remainder when 24709 is divided by 35?
34
What is the remainder when 35766 is divided by 46?
24
Calculate the remainder when 90906 is divided by 561.
24
What is the remainder when 277796 is divided by 150?
146
Calculate the remainder when 8123 is divided by 4060.
3
Calculate the remainder when 61286 is divided by 12244.
66
What is the remainder when 1704 is divided by 253?
186
Calculate the remainder when 161805 is divided by 16166.
145
What is the remainder when 65179 is divided by 726?
565
What is the remainder when 205304 is divided by 128?
120
What is the remainder when 2671054 is divided by 54?
52
What is the remainder when 33708 is divided by 3743?
21
Calculate the remainder when 13169 is divided by 1929.
1595
Calculate the remainder when 186345 is divided by 493.
484
What is the remainder when 437 is divided by 255?
182
What is the remainder when 320254 is divided by 36?
34
Calculate the remainder when 10899 is divided by 10886.
13
Calculate the remainder when 37469 is divided by 302.
21
What is the remainder when 96061 is divided by 96016?
45
Calculate the remainder when 34095 is divided by 313.
291
What is the remainder when 1000 is divided by 420?
160
What is the remainder when 1333 is divided by 477?
379
Calculate the remainder when 35691 is divided by 367.
92
What is the remainder when 18179 is divided by 2597?
0
Calculate the remainder when 437932 is divided by 131.
130
What is the remainder when 50294 is divided by 2514?
14
What is the remainder when 3125 is divided by 222?
17
What is the remainder when 17437 is divided by 459?
454
What is the remainder when 430138 is divided by 517?
511
What is the remainder when 6683 is divided by 134?
117
What is the remainder when 24069 is divided by 123?
84
What is the remainder when 11506 is divided by 510?
286
What is the remainder when 6731 is divided by 32?
11
Calculate the remainder when 7253 is divided by 2416.
5
What is the remainder when 55503 is divided by 5548?
23
What is the remainder when 4976 is divided by 387?
332
What is the remainder when 5479 is divided by 1807?
58
Calculate the remainder when 27269 is divided by 16.
5
What is the remainder when 221764 is divided by 570?
34
Calculate the remainder when 45934 is divided by 348.
346
Calculate the remainder when 16569 is divided by 1505.
14
Calculate the remainder when 166658 is divided by 260.
258
Calculate the remainder when 22039 is divided by 94.
43
Calculate the remainder when 236244 is divided by 11.
8
What is the remainder when 94935 is divided by 87?
18
Calculate the remainder when 101669 is divided by 869.
865
What is the remainder when 181811 is divided by 1254?
1235
What is the remainder when 4517 is divided by 1621?
1275
What is the remainder when 1106 is divided by 141?
119
What is the remainder when 382 is divided by 56?
46
What is the remainder when 2389 is divided by 4?
1
What is the remainder when 1820653 is divided by 106?
103
What is the remainder when 30996 is divided by 31?
27
Calculate the remainder when 38401 is divided by 91.
90
What is the remainder when 1419 is divided by 736?
683
Calculate the remainder when 8104 is divided by 153.
148
What is the remainder when 4734 is divided by 928?
94
What is the remainder when 2666 is divided by 2564?
102
Calculate the remainder when 5163 is divided by 15.
3
What is the remainder when 18919 is divided by 357?
355
Calculate the remainder when 27000 is divided by 13471.
58
Calculate the remainder when 24882 is divided by 35.
32
Calculate the remainder when 5168 is divided by 